e greatest common divisor of 45433018 and 334?
334
Calculate the highest common factor of 155987913 and 2481.
2481
Calculate the greatest common divisor of 1980 and 11790180.
180
Calculate the greatest common factor of 22544356 and 224180.
4076
Calculate the highest common factor of 89534697 and 147.
21
What is the highest common factor of 840937 and 5363?
31
Calculate the highest common divisor of 98321333 and 22990.
2299
What is the highest common divisor of 140469 and 1904?
7
What is the highest common divisor of 114486735 and 165?
165
What is the highest common divisor of 1512 and 25127550?
378
What is the greatest common divisor of 73 and 1870656?
1
Calculate the highest common factor of 135845424 and 52.
52
What is the highest common divisor of 627935 and 2902515?
2695
What is the greatest common factor of 31104 and 95409?
9
What is the greatest common factor of 7 and 659580712?
7
Calculate the greatest common factor of 37544395 and 315.
35
Calculate the greatest common factor of 11189440 and 73.
73
Calculate the highest common divisor of 479989 and 12367.
83
Calculate the highest common factor of 150 and 28483275.
75
Calculate the greatest common factor of 3455900 and 2.
2
Calculate the greatest common factor of 164934 and 153918.
306
What is the greatest common divisor of 458072 and 22?
2
Calculate the highest common factor of 860930 and 1435.
35
What is the highest common factor of 112 and 2759974?
14
Calculate the highest common factor of 150 and 2421450.
150
What is the greatest common divisor of 180432 and 1540?
28
What is the highest common factor of 620575 and 31415?
515
Calculate the highest common factor of 54 and 65097.
27
Calculate the highest common divisor of 247 and 701753.
13
What is the greatest common factor of 83644739 and 43367?
2551
What is the highest common divisor of 216464 and 2152?
8
What is the highest common divisor of 14434 and 130102?
14
Calculate the highest common factor of 11999 and 832049.
71
Calculate the greatest common factor of 305 and 8439777.
61
What is the highest common divisor of 166744 and 760?
152
What is the highest common divisor of 319277 and 9163?
119
Calculate the greatest common divisor of 51607090 and 20248.
5062
What is the highest common factor of 488 and 6785152?
488
What is the greatest common divisor of 935837400 and 90?
30
Calculate the greatest common factor of 207 and 1483109.
23
What is the greatest common divisor of 36084863 and 1977?
659
What is the greatest common factor of 271000365 and 30?
15
What is the greatest common divisor of 1027967 and 9175?
367
Calculate the greatest common divisor of 272 and 56983048.
136
Calculate the greatest common divisor of 125614 and 101671.
347
Calculate the highest common factor of 200 and 7355280.
40
What is the highest common divisor of 698882 and 37018?
446
Calculate the highest common divisor of 70004 and 884818.
814
Calculate the highest common factor of 7955 and 88985.
185
Calculate the highest common divisor of 3 and 1169232.
3
What is the highest common factor of 4480 and 27482560?
2240
What is the greatest common factor of 952006 and 40494?
794
What is the highest common divisor of 887 and 35507497?
887
What is the greatest common divisor of 23138898 and 17877?
303
What is the greatest common divisor of 508 and 3241167?
127
What is the greatest common divisor of 48124440 and 10080?
2520
Calculate the greatest common factor of 535716 and 16415037.
5823
What is the greatest common divisor of 4537904915 and 1345?
1345
What is the greatest common factor of 34106178 and 228?
114
Calculate the highest common divisor of 736460343 and 1269.
1269
What is the highest common divisor of 141744 and 534?
6
What is the greatest common divisor of 90455 and 289930?
395
Calculate the highest common divisor of 99 and 146447323.
11
What is the greatest common factor of 60723 and 5232558?
519
Calculate the highest common divisor of 20 and 118473620.
20
What is the highest common divisor of 57 and 1158586218?
57
What is the greatest common factor of 3926 and 31594758?
26
What is the highest common divisor of 11 and 6521?
1
What is the greatest common factor of 119813355 and 1305?
1305
Calculate the highest common divisor of 1563 and 7193447.
521
What is the highest common divisor of 42680 and 106304?
88
Calculate the greatest common factor of 396110 and 104390.
1430
What is the greatest common factor of 32908 and 60817448?
1732
What is the greatest common divisor of 362885223 and 101?
101
Calculate the highest common divisor of 101332 and 5992.
28
What is the greatest common factor of 36421 and 6776?
847
What is the highest common divisor of 23387 and 221?
13
Calculate the greatest common factor of 1766791 and 14352.
299
Calculate the greatest common factor of 672 and 30498496.
224
What is the greatest common divisor of 98 and 1401624?
14
Calculate the highest common divisor of 1743641 and 1.
1
Calculate the highest common divisor of 37435 and 24565.
5
Calculate the greatest common divisor of 16 and 40841.
1
Calculate the greatest common divisor of 26274765 and 2699.
2699
Calculate the greatest common divisor of 9703 and 708006.
313
Calculate the highest common factor of 1512 and 487709208.
1512
Calculate the highest common divisor of 19456512 and 318.
318
Calculate the highest common factor of 1179 and 14886447.
393
Calculate the highest common divisor of 182 and 117167596.
182
What is the highest common divisor of 28626313 and 562?
281
What is the greatest common divisor of 65538414 and 3543?
3543
Calculate the highest common divisor of 69612 and 585901.
5801
Calculate the greatest common factor of 43792 and 1786180.
92
What is the highest common factor of 109963 and 5?
1
What is the greatest common divisor of 41598 and 36864?
18
Calculate the greatest common factor of 1090 and 127966.
218
What is the highest common divisor of 2103 and 1293?
3
What is the greatest common factor of 259169938 and 164?
82
Calculate the highest common divisor of 433 and 92764621.
433
What is the greatest common divisor of 1413966 and 42?
6
What is the highest common divisor of 168 and 1853341?
7
What is the highest common factor of 21783300 and 39675?
1725
What is the highest common divisor of 1442 and 3782282?
14
What is the highest common factor of 22 and 24563594?
22
What is the greatest common factor of 61319736 and 64325?
2573
Calculate the highest common divisor of 1088 and 54487312.
272
Calculate the highest common factor of 44819087 and 93.
31
Calculate the greatest common divisor of 2152 and 732714574.
538
What is the greatest common divisor of 3862 and 275609699?
1931
Calculate the highest common divisor of 66052 and 1740268.
1348
Calculate the greatest common factor of 135 and 233733303.
27
Calculate the greatest common divisor of 13091608 and 542488.
6536
What is the highest common factor of 241681891 and 4377?
1459
Calculate the highest common divisor of 5764 and 179903086.
2882
Calculate the greatest common divisor of 34 and 14030423.
17
What is the greatest common factor of 116 and 219126001?
29
Calculate the highest common factor of 2044 and 88907.
7
What is the greatest common factor of 764437 and 73052?
2609
Calculate the greatest common divisor of 4061717 and 88.
11
Calculate the highest common divisor of 626499 and 479727.
1359
Calculate the greatest common divisor of 315 and 333570.
15
What is the greatest common divisor of 341750437 and 49?
7
What is the highest common divisor of 22 and 260656660?
22
What is the greatest common factor of 900 and 588377900?
100
Calculate the greatest common factor of 1659 and 5002122.
237
Calculate the highest common factor of 37485 and 12570705.
2205
What is the greatest common factor of 516 and 15582297?
129
Calculate the greatest common factor of 35 and 4366278.
7
Calculate the highest common factor of 103033 and 1316.
7
Calculate the highest common factor of 48380 and 3726900.
820
Calculate the highest common factor of 934 and 2905207.
467
What is the highest common divisor of 24 and 11961852?
12
What is the highest common factor of 331780 and 43195?
265
Calculate the greatest common divisor of 1066480 and 208.
16
Calculate the greatest common factor of 232 and 1577448.
8
What is the greatest common factor o